{"id":75,"date":"2012-10-29T12:47:49","date_gmt":"2012-10-29T11:47:49","guid":{"rendered":"http:\/\/choeurdesecrins.wordpress.com\/?page_id=75"},"modified":"2013-04-11T17:49:23","modified_gmt":"2013-04-11T16:49:23","slug":"les-repetitions","status":"publish","type":"page","link":"https:\/\/www.choeurdesecrins.fr\/?page_id=75","title":{"rendered":"Les r\u00e9p\u00e9titions"},"content":{"rendered":"<p><strong>Les r\u00e9p\u00e9titions<\/strong><\/p>\n<p>Au nombre de 2 par semaine, les Lundis et Jeudis de 20h \u00e0 22h,<br \/>\ndont une au moins est obligatoire.<\/p>\n<div id=\"attachment_85\" style=\"width: 310px\" class=\"wp-caption aligncenter\"><a href=\"http:\/\/www.choeurdesecrins.fr\/wp-content\/uploads\/2013\/04\/repetitions.jpg\"><img loading=\"lazy\" decoding=\"async\" aria-describedby=\"caption-attachment-85\" src=\"http:\/\/www.choeurdesecrins.fr\/wp-content\/uploads\/2013\/04\/repetitions-300x225.jpg\" alt=\"R\u00e9petitions\" width=\"300\" height=\"225\" class=\"size-medium wp-image-85\" srcset=\"https:\/\/www.choeurdesecrins.fr\/wp-content\/uploads\/2013\/04\/repetitions-300x225.jpg 300w, https:\/\/www.choeurdesecrins.fr\/wp-content\/uploads\/2013\/04\/repetitions-624x468.jpg 624w, https:\/\/www.choeurdesecrins.fr\/wp-content\/uploads\/2013\/04\/repetitions.jpg 640w\" sizes=\"(max-width: 300px) 100vw, 300px\" \/><\/a><p id=\"caption-attachment-85\" class=\"wp-caption-text\">R\u00e9p\u00e9tition<\/p><\/div>\n","protected":false},"excerpt":{"rendered":"<p>Les r\u00e9p\u00e9titions Au nombre de 2 par semaine, les Lundis et Jeudis de 20h \u00e0 22h, dont une au moins est obligatoire.<\/p>\n","protected":false},"author":3,"featured_media":0,"parent":10,"menu_order":4,"comment_status":"closed","ping_status":"closed","template":"","meta":{"footnotes":""},"_links":{"self":[{"href":"https:\/\/www.choeurdesecrins.fr\/index.php?rest_route=\/wp\/v2\/pages\/75"}],"collection":[{"href":"https:\/\/www.choeurdesecrins.fr\/index.php?rest_route=\/wp\/v2\/pages"}],"about":[{"href":"https:\/\/www.choeurdesecrins.fr\/index.php?rest_route=\/wp\/v2\/types\/page"}],"author":[{"embeddable":true,"href":"https:\/\/www.choeurdesecrins.fr\/index.php?rest_route=\/wp\/v2\/users\/3"}],"replies":[{"embeddable":true,"href":"https:\/\/www.choeurdesecrins.fr\/index.php?rest_route=%2Fwp%2Fv2%2Fcomments&post=75"}],"version-history":[{"count":3,"href":"https:\/\/www.choeurdesecrins.fr\/index.php?rest_route=\/wp\/v2\/pages\/75\/revisions"}],"predecessor-version":[{"id":156,"href":"https:\/\/www.choeurdesecrins.fr\/index.php?rest_route=\/wp\/v2\/pages\/75\/revisions\/156"}],"up":[{"embeddable":true,"href":"https:\/\/www.choeurdesecrins.fr\/index.php?rest_route=\/wp\/v2\/pages\/10"}],"wp:attachment":[{"href":"https:\/\/www.choeurdesecrins.fr\/index.php?rest_route=%2Fwp%2Fv2%2Fmedia&parent=75"}],"curies":[{"name":"wp","href":"https:\/\/api.w.org\/{rel}","templated":true}]}}