{"id":12,"date":"2012-10-27T13:19:59","date_gmt":"2012-10-27T12:19:59","guid":{"rendered":"http:\/\/choeurdesecrins.wordpress.com\/?page_id=12"},"modified":"2013-04-11T17:58:17","modified_gmt":"2013-04-11T16:58:17","slug":"site-geographique","status":"publish","type":"page","link":"https:\/\/www.choeurdesecrins.fr\/?page_id=12","title":{"rendered":"Site g\u00e9ographique"},"content":{"rendered":"<p>Situation g\u00e9ographique du Choeur<\/p>\n<p><a href=\"http:\/\/www.choeurdesecrins.fr\/wp-content\/uploads\/2013\/04\/Photos-montagnes-004.jpg\"><img loading=\"lazy\" decoding=\"async\" src=\"http:\/\/www.choeurdesecrins.fr\/wp-content\/uploads\/2013\/04\/Photos-montagnes-004-225x300.jpg\" alt=\"Olan\" width=\"225\" height=\"300\" class=\"aligncenter size-medium wp-image-104\" srcset=\"https:\/\/www.choeurdesecrins.fr\/wp-content\/uploads\/2013\/04\/Photos-montagnes-004-225x300.jpg 225w, https:\/\/www.choeurdesecrins.fr\/wp-content\/uploads\/2013\/04\/Photos-montagnes-004.jpg 600w\" sizes=\"(max-width: 225px) 100vw, 225px\" \/><\/a><\/p>\n<p><a href=\"http:\/\/www.choeurdesecrins.fr\/wp-content\/uploads\/2013\/04\/Photos-montagnes-007.jpg\"><img loading=\"lazy\" decoding=\"async\" src=\"http:\/\/www.choeurdesecrins.fr\/wp-content\/uploads\/2013\/04\/Photos-montagnes-007-225x300.jpg\" alt=\"Photos montagnes 007\" width=\"225\" height=\"300\" class=\"aligncenter size-medium wp-image-105\" srcset=\"https:\/\/www.choeurdesecrins.fr\/wp-content\/uploads\/2013\/04\/Photos-montagnes-007-225x300.jpg 225w, https:\/\/www.choeurdesecrins.fr\/wp-content\/uploads\/2013\/04\/Photos-montagnes-007.jpg 600w\" sizes=\"(max-width: 225px) 100vw, 225px\" \/><\/a><\/p>\n<p>Le Canton de Valbonnais est le second par la superficie et l\u2019ant\u00e9p\u00e9nulti\u00e8me pour la population, des cantons de l\u2019Is\u00e8re. Situ\u00e9 au sud-est du d\u00e9partement, \u00e0 une cinquantaine de km de Grenoble, dans la partie montagneuse qui relie l\u2019Is\u00e8re \u00e0 son homologue des Hautes-Alpes, il est d\u00e9centralis\u00e9 et parfois difficile \u00e0 situer. L\u2019aust\u00e9rit\u00e9 de son relief et la rigueur hivernale de son climat en font un canton souvent m\u00e9connu du reste de la population is\u00e9roise. Il f\u00e9d\u00e8re administrativement les Communes situ\u00e9es de part et d\u2019autre de la vall\u00e9e de la Bonne, qui s\u00e9pare le massif externe des Ecrins et la moraine du Beaumont. De celle de la Malsanne, qui rejoint la Bonne \u00e0 Entraigues (entre les eaux), situ\u00e9e entre le massif interne du Taillefer, le massif des Ecrins et de la vall\u00e9e de la Roizonne, qui s\u2019\u00e9coule entre le massif interne du Taillefer et la moraine lat\u00e9rale du Grand Serre. La Vall\u00e9e de la Bonne se termine par un \u00ab cul de sac \u00bb, au D\u00e9sert en Valjouffrey et conduit au nord-ouest du Parc naturel National des Ecrins. La Vall\u00e9e de la Malsanne limite le canton au col d\u2019Ornon et permet de relier par la vall\u00e9e de la Lignarre, celle de la moyenne Romanche dans la plaine de l\u2019Oisans. C\u2019\u00e9tait la voie pr\u00e9f\u00e9r\u00e9e des Colporteurs du sud de la France, qui s\u2019acheminaient au printemps vers la Savoie et l\u2019Italie par la Vall\u00e9e de L\u2019Eau d\u2019Olle et les cols de la \u00ab Croix de fer \u00bb ou du \u00ab Glandon \u00bb.<\/p>\n<p><a href=\"http:\/\/www.choeurdesecrins.fr\/wp-content\/uploads\/2013\/04\/Photos-montagnes-008.jpg\"><img loading=\"lazy\" decoding=\"async\" src=\"http:\/\/www.choeurdesecrins.fr\/wp-content\/uploads\/2013\/04\/Photos-montagnes-008-300x196.jpg\" alt=\"La Meije le doigt de Dieu\" width=\"300\" height=\"196\" class=\"aligncenter size-medium wp-image-106\" srcset=\"https:\/\/www.choeurdesecrins.fr\/wp-content\/uploads\/2013\/04\/Photos-montagnes-008-300x196.jpg 300w, https:\/\/www.choeurdesecrins.fr\/wp-content\/uploads\/2013\/04\/Photos-montagnes-008-624x409.jpg 624w, https:\/\/www.choeurdesecrins.fr\/wp-content\/uploads\/2013\/04\/Photos-montagnes-008.jpg 1000w\" sizes=\"(max-width: 300px) 100vw, 300px\" \/><\/a><\/p>\n<p>La Vall\u00e9e de la Roizonne, ancien territoire des \u00ab Alleman \u00bb Comtes du Ratier, conduit jusqu\u2019\u00e0 la Morte et \u00e0 la station de ski de l\u2019Alpe du Grand Serre, reliant le Valbonnais et la Matheysine \u00e0 la basse vall\u00e9e de la Romanche en Pays vizillois. La densit\u00e9 du canton est faible, le territoire est aux trois-quarts montagneux, et compte une vingtaine de sommets d\u00e9passant les 3000m ; c\u2019est un haut lieu national de l\u2019alpinisme, avec son voisin de l\u2019Oisans. L\u2019activit\u00e9 \u00e9conomique a longtemps \u00e9t\u00e9 d\u00e9pendante de l\u2019exploitation de l\u2019anthracite des mines de charbon de La Mure (H.B.D) situ\u00e9es \u00e0 une dizaine de km au nord, par l\u2019emploi direct mais aussi la sous-traitance et l\u2019exploitation de roches calcaires servant \u00e0 la fabrication du ciment. Conjugu\u00e9 \u00e0 une petite exploitation agricole, tourn\u00e9e vers la production laiti\u00e8re, l\u2019emploi minier assurait une vie d\u00e9cente aux r\u00e9sidents s\u00e9dentaires locaux, et \u00e0 leur famille.<\/p>\n<p><a href=\"http:\/\/www.choeurdesecrins.fr\/wp-content\/uploads\/2013\/04\/Photos-montagnes-024.jpg\"><img loading=\"lazy\" decoding=\"async\" src=\"http:\/\/www.choeurdesecrins.fr\/wp-content\/uploads\/2013\/04\/Photos-montagnes-024-225x300.jpg\" alt=\"Photos montagnes 024\" width=\"225\" height=\"300\" class=\"aligncenter size-medium wp-image-107\" srcset=\"https:\/\/www.choeurdesecrins.fr\/wp-content\/uploads\/2013\/04\/Photos-montagnes-024-225x300.jpg 225w, https:\/\/www.choeurdesecrins.fr\/wp-content\/uploads\/2013\/04\/Photos-montagnes-024.jpg 600w\" sizes=\"(max-width: 225px) 100vw, 225px\" \/><\/a><\/p>\n<p><a href=\"http:\/\/www.choeurdesecrins.fr\/wp-content\/uploads\/2013\/04\/Photos-montagnes-034.jpg\"><img loading=\"lazy\" decoding=\"async\" src=\"http:\/\/www.choeurdesecrins.fr\/wp-content\/uploads\/2013\/04\/Photos-montagnes-034-225x300.jpg\" alt=\"Photos montagnes 034\" width=\"225\" height=\"300\" class=\"aligncenter size-medium wp-image-108\" srcset=\"https:\/\/www.choeurdesecrins.fr\/wp-content\/uploads\/2013\/04\/Photos-montagnes-034-225x300.jpg 225w, https:\/\/www.choeurdesecrins.fr\/wp-content\/uploads\/2013\/04\/Photos-montagnes-034.jpg 600w\" sizes=\"(max-width: 225px) 100vw, 225px\" \/><\/a><\/p>\n<p>Depuis 1997, l\u2019exploitation du charbon a \u00e9t\u00e9 abandonn\u00e9e sur le territoire national et la population active ne peut continuer \u00e0 \u00eatre s\u00e9dentaire qu\u2019au prix de d\u00e9placements quotidiens \u00e9prouvants et on\u00e9reux. Les quelques exploitations survivantes, b\u00e9n\u00e9ficient d\u00e9sormais d\u2019un remembrement et d\u2019une aide sp\u00e9cifique \u00e0 l\u2019agriculture de montagne, assurant par leur travail et leur abn\u00e9gation l\u2019entretien et la survie \u00e9cologique de zones d\u00e9licates \u00e0 faible rentabilit\u00e9. A l\u2019heure actuelle, le canton est r\u00e9solument et essentiellement tourn\u00e9 vers le tourisme, estival dans les vall\u00e9es, avec la cr\u00e9ation d\u2019infrastructures d\u2019accueil li\u00e9es \u00e0 la d\u00e9couverte et \u00e0 la pratique d\u2019activit\u00e9s sportives qu\u2019offrent les r\u00e9gions montagneuses : randonn\u00e9es, alpinisme, p\u00eache en lacs naturels d\u2019altitude ou artificiels ( plan d\u2019eau de Valbonnais), activit\u00e9s nautiques dans les torrents etc. et hivernal avec la pratique des sports d\u2019hiver dans la station de l\u2019Alpe du Grand Serre.<\/p>\n<p><a href=\"http:\/\/www.choeurdesecrins.fr\/wp-content\/uploads\/2013\/04\/Photos-montagnes-039.jpg\"><img loading=\"lazy\" decoding=\"async\" src=\"http:\/\/www.choeurdesecrins.fr\/wp-content\/uploads\/2013\/04\/Photos-montagnes-039-300x225.jpg\" alt=\"Photos montagnes 039\" width=\"300\" height=\"225\" class=\"aligncenter size-medium wp-image-109\" srcset=\"https:\/\/www.choeurdesecrins.fr\/wp-content\/uploads\/2013\/04\/Photos-montagnes-039-300x225.jpg 300w, https:\/\/www.choeurdesecrins.fr\/wp-content\/uploads\/2013\/04\/Photos-montagnes-039-624x469.jpg 624w, https:\/\/www.choeurdesecrins.fr\/wp-content\/uploads\/2013\/04\/Photos-montagnes-039.jpg 800w\" sizes=\"(max-width: 300px) 100vw, 300px\" \/><\/a><\/p>\n<p><a href=\"http:\/\/www.choeurdesecrins.fr\/wp-content\/uploads\/2013\/04\/Photos-montagnes-057.jpg\"><img loading=\"lazy\" decoding=\"async\" src=\"http:\/\/www.choeurdesecrins.fr\/wp-content\/uploads\/2013\/04\/Photos-montagnes-057-300x225.jpg\" alt=\"Photos montagnes 057\" width=\"300\" height=\"225\" class=\"aligncenter size-medium wp-image-110\" srcset=\"https:\/\/www.choeurdesecrins.fr\/wp-content\/uploads\/2013\/04\/Photos-montagnes-057-300x225.jpg 300w, https:\/\/www.choeurdesecrins.fr\/wp-content\/uploads\/2013\/04\/Photos-montagnes-057-624x468.jpg 624w, https:\/\/www.choeurdesecrins.fr\/wp-content\/uploads\/2013\/04\/Photos-montagnes-057.jpg 800w\" sizes=\"(max-width: 300px) 100vw, 300px\" \/><\/a><\/p>\n","protected":false},"excerpt":{"rendered":"<p>Situation g\u00e9ographique du Choeur Le Canton de Valbonnais est le second par la superficie et l\u2019ant\u00e9p\u00e9nulti\u00e8me pour la population, des cantons de l\u2019Is\u00e8re. Situ\u00e9 au sud-est du d\u00e9partement, \u00e0 une cinquantaine de km de Grenoble, dans la partie montagneuse qui &hellip; <a href=\"https:\/\/www.choeurdesecrins.fr\/?page_id=12\">Continuer la lecture <span class=\"meta-nav\">&rarr;<\/span><\/a><\/p>\n","protected":false},"author":3,"featured_media":0,"parent":0,"menu_order":4,"comment_status":"closed","ping_status":"closed","template":"","meta":{"footnotes":""},"_links":{"self":[{"href":"https:\/\/www.choeurdesecrins.fr\/index.php?rest_route=\/wp\/v2\/pages\/12"}],"collection":[{"href":"https:\/\/www.choeurdesecrins.fr\/index.php?rest_route=\/wp\/v2\/pages"}],"about":[{"href":"https:\/\/www.choeurdesecrins.fr\/index.php?rest_route=\/wp\/v2\/types\/page"}],"author":[{"embeddable":true,"href":"https:\/\/www.choeurdesecrins.fr\/index.php?rest_route=\/wp\/v2\/users\/3"}],"replies":[{"embeddable":true,"href":"https:\/\/www.choeurdesecrins.fr\/index.php?rest_route=%2Fwp%2Fv2%2Fcomments&post=12"}],"version-history":[{"count":4,"href":"https:\/\/www.choeurdesecrins.fr\/index.php?rest_route=\/wp\/v2\/pages\/12\/revisions"}],"predecessor-version":[{"id":162,"href":"https:\/\/www.choeurdesecrins.fr\/index.php?rest_route=\/wp\/v2\/pages\/12\/revisions\/162"}],"wp:attachment":[{"href":"https:\/\/www.choeurdesecrins.fr\/index.php?rest_route=%2Fwp%2Fv2%2Fmedia&parent=12"}],"curies":[{"name":"wp","href":"https:\/\/api.w.org\/{rel}","templated":true}]}}