{"id":10,"date":"2012-10-27T13:19:03","date_gmt":"2012-10-27T12:19:03","guid":{"rendered":"http:\/\/choeurdesecrins.wordpress.com\/?page_id=10"},"modified":"2014-11-12T14:51:09","modified_gmt":"2014-11-12T13:51:09","slug":"fonctionnement","status":"publish","type":"page","link":"https:\/\/www.choeurdesecrins.fr\/?page_id=10","title":{"rendered":"Fonctionnement"},"content":{"rendered":"<p><strong>Contacts<\/strong><\/p>\n<p><em>(Suite \u00e0 des quantit\u00e9s ing\u00e9rables de courriel non-sollicit\u00e9, les adresses courriel du\u00a0ch\u0153ur\u00a0sont momentan\u00e9ment suspendues. \u00a0Merci de votre compr\u00e9hension)<\/em><\/p>\n<p><em>Adresse postale :<\/em><br \/>\n\u00ab Ch\u0153ur des Ecrins \u00bb Malbuisson 38350 St Laurent en Beaumont<\/p>\n<p><em>Pr\u00e9sident actif :<\/em><br \/>\nM. Paolucci Alain, Malbuisson, 38350 St Laurent en Beaumont<br \/>\nt\u00e9l. : 04 76 81 66 52<\/p>\n<p><em>Vice-Pr\u00e9sident :<\/em><\/p>\n<p>M. Buisson Roger, Les Nicolleaux, 38740 Valbonnais<\/p>\n<p>t\u00e9l. : 04 76 30 23 19<\/p>\n<p><em>Tr\u00e9sori\u00e8re :<\/em><br \/>\nMme Guignier Marie-Ange 38350 St Laurent en Beaumont<\/p>\n<p>t\u00e9l: 04 76 30 44 40<\/p>\n<p><em>Tr\u00e9sori\u00e8re adjointe :<\/em><br \/>\nMme Procacci Christiane, le Chaudon 38220 Vizille<\/p>\n<p><em>Secr\u00e9taire :<\/em><br \/>\nMme Lopez Christiane, rue principale, 38740 Valbonnais<br \/>\nt\u00e9l. : 04 76 30 24 30<\/p>\n<p>Secr\u00e9taire adjointe:<\/p>\n<p>Mme Galvin Francine, le ch\u00e2teau, 38740 Valbonnais<\/p>\n<p><em>Membres du bureau :<\/em><\/p>\n<p><em>P\u00f4le des Festivit\u00e9s :<\/em><br \/>\nMme Clot Fran\u00e7oise, 38740 Entraigues<br \/>\nMme Galvin Francine, 38740 Valbonnais<br \/>\nMme Lopez Christiane, 38740 Valbonnais<br \/>\nMme Manshanden Anneke 38740 la Chalp de Valjouffrey<\/p>\n<p><em>Logistique :<\/em><br \/>\nM. Vigne Georges, 38350 Oris en Rattier<\/p>\n<p><em>Organisation de la f\u00eate de la musique :<\/em><br \/>\nM. Paolucci Alain<\/p>\n<p><em>Gestion des cotisations &#8211; Cartes d&rsquo;adh\u00e9rents :<\/em><br \/>\nMme Procacci Christiane, lieu dit Le Chaudon 38220 Vizille<\/p>\n<p><em>Webmaster:<\/em><br \/>\nM. Simms David<br \/>\nCourriel : webmaster [at] choeurdesecrins.fr<\/p>\n","protected":false},"excerpt":{"rendered":"<p>Contacts (Suite \u00e0 des quantit\u00e9s ing\u00e9rables de courriel non-sollicit\u00e9, les adresses courriel du\u00a0ch\u0153ur\u00a0sont momentan\u00e9ment suspendues. \u00a0Merci de votre compr\u00e9hension) Adresse postale : \u00ab Ch\u0153ur des Ecrins \u00bb Malbuisson 38350 St Laurent en Beaumont Pr\u00e9sident actif : M. Paolucci Alain, Malbuisson, &hellip; <a href=\"https:\/\/www.choeurdesecrins.fr\/?page_id=10\">Continuer la lecture <span class=\"meta-nav\">&rarr;<\/span><\/a><\/p>\n","protected":false},"author":3,"featured_media":0,"parent":0,"menu_order":3,"comment_status":"closed","ping_status":"closed","template":"","meta":{"footnotes":""},"_links":{"self":[{"href":"https:\/\/www.choeurdesecrins.fr\/index.php?rest_route=\/wp\/v2\/pages\/10"}],"collection":[{"href":"https:\/\/www.choeurdesecrins.fr\/index.php?rest_route=\/wp\/v2\/pages"}],"about":[{"href":"https:\/\/www.choeurdesecrins.fr\/index.php?rest_route=\/wp\/v2\/types\/page"}],"author":[{"embeddable":true,"href":"https:\/\/www.choeurdesecrins.fr\/index.php?rest_route=\/wp\/v2\/users\/3"}],"replies":[{"embeddable":true,"href":"https:\/\/www.choeurdesecrins.fr\/index.php?rest_route=%2Fwp%2Fv2%2Fcomments&post=10"}],"version-history":[{"count":6,"href":"https:\/\/www.choeurdesecrins.fr\/index.php?rest_route=\/wp\/v2\/pages\/10\/revisions"}],"predecessor-version":[{"id":483,"href":"https:\/\/www.choeurdesecrins.fr\/index.php?rest_route=\/wp\/v2\/pages\/10\/revisions\/483"}],"wp:attachment":[{"href":"https:\/\/www.choeurdesecrins.fr\/index.php?rest_route=%2Fwp%2Fv2%2Fmedia&parent=10"}],"curies":[{"name":"wp","href":"https:\/\/api.w.org\/{rel}","templated":true}]}}