{"id":77,"date":"2012-10-29T12:49:52","date_gmt":"2012-10-29T11:49:52","guid":{"rendered":"http:\/\/choeurdesecrins.wordpress.com\/?page_id=77"},"modified":"2013-04-11T17:52:46","modified_gmt":"2013-04-11T16:52:46","slug":"la-tenue-vestimentaire","status":"publish","type":"page","link":"http:\/\/www.choeurdesecrins.fr\/?page_id=77","title":{"rendered":"La tenue vestimentaire"},"content":{"rendered":"<p><strong>La tenue vestimentaire<\/strong><\/p>\n<p>Les \u00e9charpes en soie naturelle ont \u00e9t\u00e9 con\u00e7ues et r\u00e9alis\u00e9es manuellement par Mme Anne-Marie Paolucci, par ailleurs Pr\u00e9sidente de l\u2019Atelier Artistique du Pincelier.<\/p>\n<p>Les tenues sont compos\u00e9es soit d\u2019une chemise noire, d\u2019un pantalon noir et d\u2019une \u00e9charpe de soie multicolore ou carmin pour les saisons froides;<\/p>\n<p>&#8211; Soit d&rsquo;un tee shirt aux couleurs pastel et acidul\u00e9, d&rsquo;un pantalon noir et d&rsquo;une veste noire;<\/p>\n<p>&#8211; Soit d\u2019un chemisier brun clair, d\u2019une jupe longue ou pantalon noir, pour les dames.<\/p>\n<p>D\u2019un ensemble chemise et pantalon noirs, pour les messieurs, en saison estivale.<\/p>\n<div id=\"attachment_82\" style=\"width: 310px\" class=\"wp-caption aligncenter\"><a href=\"http:\/\/www.choeurdesecrins.fr\/wp-content\/uploads\/2013\/04\/echarpes.jpg\"><img loading=\"lazy\" decoding=\"async\" aria-describedby=\"caption-attachment-82\" src=\"http:\/\/www.choeurdesecrins.fr\/wp-content\/uploads\/2013\/04\/echarpes-300x225.jpg\" alt=\"Echarpes\" width=\"300\" height=\"225\" class=\"size-medium wp-image-82\" srcset=\"http:\/\/www.choeurdesecrins.fr\/wp-content\/uploads\/2013\/04\/echarpes-300x225.jpg 300w, http:\/\/www.choeurdesecrins.fr\/wp-content\/uploads\/2013\/04\/echarpes-624x468.jpg 624w, http:\/\/www.choeurdesecrins.fr\/wp-content\/uploads\/2013\/04\/echarpes.jpg 1000w\" sizes=\"(max-width: 300px) 100vw, 300px\" \/><\/a><p id=\"caption-attachment-82\" class=\"wp-caption-text\">Echarpes<\/p><\/div>\n<div id=\"attachment_81\" style=\"width: 310px\" class=\"wp-caption aligncenter\"><a href=\"http:\/\/www.choeurdesecrins.fr\/wp-content\/uploads\/2013\/04\/chorteeshirt.jpg\"><img loading=\"lazy\" decoding=\"async\" aria-describedby=\"caption-attachment-81\" src=\"http:\/\/www.choeurdesecrins.fr\/wp-content\/uploads\/2013\/04\/chorteeshirt-300x225.jpg\" alt=\"Tee-shirt\" width=\"300\" height=\"225\" class=\"size-medium wp-image-81\" srcset=\"http:\/\/www.choeurdesecrins.fr\/wp-content\/uploads\/2013\/04\/chorteeshirt-300x225.jpg 300w, http:\/\/www.choeurdesecrins.fr\/wp-content\/uploads\/2013\/04\/chorteeshirt.jpg 397w\" sizes=\"(max-width: 300px) 100vw, 300px\" \/><\/a><p id=\"caption-attachment-81\" class=\"wp-caption-text\">Tee-shirt<\/p><\/div>\n","protected":false},"excerpt":{"rendered":"<p>La tenue vestimentaire Les \u00e9charpes en soie naturelle ont \u00e9t\u00e9 con\u00e7ues et r\u00e9alis\u00e9es manuellement par Mme Anne-Marie Paolucci, par ailleurs Pr\u00e9sidente de l\u2019Atelier Artistique du Pincelier. Les tenues sont compos\u00e9es soit d\u2019une chemise noire, d\u2019un pantalon noir et d\u2019une \u00e9charpe &hellip; <a href=\"http:\/\/www.choeurdesecrins.fr\/?page_id=77\">Continuer la lecture <span class=\"meta-nav\">&rarr;<\/span><\/a><\/p>\n","protected":false},"author":3,"featured_media":0,"parent":10,"menu_order":5,"comment_status":"closed","ping_status":"closed","template":"","meta":{"footnotes":""},"_links":{"self":[{"href":"http:\/\/www.choeurdesecrins.fr\/index.php?rest_route=\/wp\/v2\/pages\/77"}],"collection":[{"href":"http:\/\/www.choeurdesecrins.fr\/index.php?rest_route=\/wp\/v2\/pages"}],"about":[{"href":"http:\/\/www.choeurdesecrins.fr\/index.php?rest_route=\/wp\/v2\/types\/page"}],"author":[{"embeddable":true,"href":"http:\/\/www.choeurdesecrins.fr\/index.php?rest_route=\/wp\/v2\/users\/3"}],"replies":[{"embeddable":true,"href":"http:\/\/www.choeurdesecrins.fr\/index.php?rest_route=%2Fwp%2Fv2%2Fcomments&post=77"}],"version-history":[{"count":4,"href":"http:\/\/www.choeurdesecrins.fr\/index.php?rest_route=\/wp\/v2\/pages\/77\/revisions"}],"predecessor-version":[{"id":158,"href":"http:\/\/www.choeurdesecrins.fr\/index.php?rest_route=\/wp\/v2\/pages\/77\/revisions\/158"}],"up":[{"embeddable":true,"href":"http:\/\/www.choeurdesecrins.fr\/index.php?rest_route=\/wp\/v2\/pages\/10"}],"wp:attachment":[{"href":"http:\/\/www.choeurdesecrins.fr\/index.php?rest_route=%2Fwp%2Fv2%2Fmedia&parent=77"}],"curies":[{"name":"wp","href":"https:\/\/api.w.org\/{rel}","templated":true}]}}

<p><strong>La tenue vestimentaire</strong></p>
<p>Les écharpes en soie naturelle ont été conçues et réalisées manuellement par Mme Anne-Marie Paolucci, par ailleurs Présidente de l’Atelier Artistique du Pincelier.</p>
<p>Les tenues sont composées soit d’une chemise noire, d’un pantalon noir et d’une écharpe de soie multicolore ou carmin pour les saisons froides;</p>
<p>&#8211; Soit d&rsquo;un tee shirt aux couleurs pastel et acidulé, d&rsquo;un pantalon noir et d&rsquo;une veste noire;</p>
<p>&#8211; Soit d’un chemisier brun clair, d’une jupe longue ou pantalon noir, pour les dames.</p>
<p>D’un ensemble chemise et pantalon noirs, pour les messieurs, en saison estivale.</p>
<div id="attachment_82" style="width: 310px" class="wp-caption aligncenter"><a href="http://www.choeurdesecrins.fr/wp-content/uploads/2013/04/echarpes.jpg"><img loading="lazy" decoding="async" aria-describedby="caption-attachment-82" src="http://www.choeurdesecrins.fr/wp-content/uploads/2013/04/echarpes-300x225.jpg" alt="Echarpes" width="300" height="225" class="size-medium wp-image-82" srcset="http://www.choeurdesecrins.fr/wp-content/uploads/2013/04/echarpes-300x225.jpg 300w, http://www.choeurdesecrins.fr/wp-content/uploads/2013/04/echarpes-624x468.jpg 624w, http://www.choeurdesecrins.fr/wp-content/uploads/2013/04/echarpes.jpg 1000w" sizes="(max-width: 300px) 100vw, 300px" /></a><p id="caption-attachment-82" class="wp-caption-text">Echarpes</p></div>
<div id="attachment_81" style="width: 310px" class="wp-caption aligncenter"><a href="http://www.choeurdesecrins.fr/wp-content/uploads/2013/04/chorteeshirt.jpg"><img loading="lazy" decoding="async" aria-describedby="caption-attachment-81" src="http://www.choeurdesecrins.fr/wp-content/uploads/2013/04/chorteeshirt-300x225.jpg" alt="Tee-shirt" width="300" height="225" class="size-medium wp-image-81" srcset="http://www.choeurdesecrins.fr/wp-content/uploads/2013/04/chorteeshirt-300x225.jpg 300w, http://www.choeurdesecrins.fr/wp-content/uploads/2013/04/chorteeshirt.jpg 397w" sizes="(max-width: 300px) 100vw, 300px" /></a><p id="caption-attachment-81" class="wp-caption-text">Tee-shirt</p></div>

<p>La tenue vestimentaire Les écharpes en soie naturelle ont été conçues et réalisées manuellement par Mme Anne-Marie Paolucci, par ailleurs Présidente de l’Atelier Artistique du Pincelier. Les tenues sont composées soit d’une chemise noire, d’un pantalon noir et d’une écharpe &hellip; <a href="http://www.choeurdesecrins.fr/?page_id=77">Continuer la lecture <span class="meta-nav">&rarr;</span></a></p>
